d 141.
47
What is the highest common factor of 4784 and 832?
208
Calculate the greatest common divisor of 11 and 6611.
11
What is the greatest common divisor of 3573 and 9?
9
What is the highest common divisor of 50 and 90?
10
What is the highest common factor of 225 and 50?
25
Calculate the highest common factor of 1140 and 3.
3
What is the highest common divisor of 60 and 60780?
60
What is the greatest common factor of 1067 and 77?
11
Calculate the greatest common factor of 2583 and 252.
63
What is the greatest common factor of 1620 and 60?
60
Calculate the highest common factor of 477 and 342.
9
What is the highest common factor of 350 and 14?
14
What is the highest common factor of 133 and 14?
7
Calculate the greatest common factor of 143 and 3377.
11
Calculate the highest common factor of 50427 and 117.
117
Calculate the highest common factor of 16110 and 179.
179
Calculate the highest common factor of 720 and 45.
45
What is the greatest common factor of 451 and 41?
41
What is the highest common divisor of 680 and 40?
40
What is the highest common divisor of 50 and 320?
10
What is the highest common divisor of 2360 and 40?
40
What is the highest common divisor of 301 and 129?
43
What is the greatest common factor of 108 and 891?
27
What is the highest common factor of 8 and 88?
8
What is the highest common factor of 452 and 8?
4
Calculate the greatest common factor of 427 and 4.
1
What is the greatest common factor of 738 and 126?
18
What is the greatest common divisor of 2400 and 384?
96
What is the greatest common factor of 19368 and 72?
72
Calculate the highest common factor of 101 and 6161.
101
What is the highest common divisor of 8 and 5472?
8
Calculate the greatest common factor of 1032 and 645.
129
What is the greatest common divisor of 155 and 10?
5
Calculate the greatest common divisor of 3816 and 48.
24
Calculate the greatest common divisor of 9 and 39.
3
Calculate the highest common factor of 333 and 259.
37
What is the greatest common divisor of 21 and 105?
21
What is the greatest common divisor of 75 and 300?
75
Calculate the greatest common divisor of 370 and 20905.
185
Calculate the highest common factor of 2214 and 108.
54
Calculate the highest common divisor of 18 and 15876.
18
Calculate the greatest common divisor of 4 and 3176.
4
What is the highest common divisor of 78 and 741?
39
Calculate the highest common divisor of 1295 and 28.
7
What is the highest common factor of 69 and 10281?
69
Calculate the greatest common factor of 1 and 96.
1
What is the greatest common factor of 196 and 140?
28
What is the greatest common divisor of 506 and 88?
22
Calculate the highest common divisor of 9 and 384.
3
What is the highest common divisor of 12 and 366?
6
Calculate the highest common divisor of 74 and 2294.
74
Calculate the highest common factor of 1020 and 120.
60
Calculate the greatest common factor of 135 and 40.
5
Calculate the highest common divisor of 6 and 81.
3
Calculate the highest common factor of 418 and 152.
38
What is the greatest common factor of 24 and 39?
3
Calculate the highest common divisor of 2684 and 44.
44
Calculate the greatest common factor of 280 and 3010.
70
What is the highest common factor of 831 and 3?
3
Calculate the highest common divisor of 81 and 108.
27
Calculate the highest common divisor of 513 and 2451.
57
What is the greatest common divisor of 15 and 3405?
15
What is the greatest common divisor of 33 and 63?
3
Calculate the greatest common divisor of 22 and 2552.
22
Calculate the highest common divisor of 4 and 578.
2
What is the greatest common factor of 6 and 102?
6
What is the greatest common divisor of 90 and 10?
10
Calculate the greatest common divisor of 65 and 273.
13
Calculate the highest common divisor of 32 and 368.
16
What is the greatest common factor of 1253 and 7?
7
Calculate the greatest common divisor of 28037 and 106.
53
What is the highest common divisor of 221 and 2533?
17
Calculate the highest common factor of 352 and 7128.
88
What is the greatest common factor of 135 and 1107?
27
What is the greatest common factor of 682 and 186?
62
What is the greatest common factor of 6992 and 48?
16
Calculate the highest common factor of 558 and 810.
18
What is the highest common factor of 390 and 1040?
130
What is the highest common divisor of 20 and 60?
20
Calculate the highest common divisor of 14 and 1428.
14
Calculate the greatest common divisor of 99 and 36.
9
Calculate the highest common divisor of 8 and 7.
1
What is the highest common divisor of 12 and 45?
3
Calculate the greatest common divisor of 474 and 1027.
79
What is the highest common divisor of 72 and 900?
36
Calculate the greatest common divisor of 45 and 1090.
5
What is the greatest common factor of 2091 and 68?
17
Calculate the highest common divisor of 570 and 30.
30
Calculate the greatest common factor of 4 and 9.
1
Calculate the highest common factor of 84 and 63.
21
Calculate the greatest common factor of 217 and 63.
7
Calculate the highest common divisor of 2535 and 10.
5
What is the greatest common divisor of 18 and 354?
6
Calculate the greatest common divisor of 128 and 1576.
8
Calculate the greatest common factor of 168 and 72.
24
What is the highest common factor of 199 and 1?
1
Calculate the highest common divisor of 21 and 1029.
21
What is the highest common divisor of 51 and 357?
51
Calculate the highest common factor of 20 and 810.
10
What is the greatest common factor of 180 and 708?
12
Calculate the highest common factor of 78 and 312.
78
What is the highest common factor of 3961 and 17?
17
What is the highest common divisor of 280 and 8?
8
Calculate the greatest common factor of 37 and 2257.
37
Calculate the highest common factor of 192 and 160.
32
What is the highest common divisor of 92 and 13294?
46
Calculate the greatest common divisor of 9382 and 2.
2
Calculate the highest common divisor of 210 and 1770.
30
What is the highest common divisor of 2359 and 56?
7
What is the highest common divisor of 412 and 36?
4
What is the highest common factor of 976 and 32?
16
What is the highest common factor of 510 and 49215?
255
Calculate the highest common divisor of 273 and 5208.
21
Calculate the greatest common divisor of 40 and 175.
5
Calculate the highest common factor of 144 and 736.
16
Calculate the greatest common divisor of 558 and 72.
18
Calculate the greatest common divisor of 228 and 192.
12
Calculate the greatest common divisor of 220 and 1820.
20
What is the greatest common factor of 64 and 4912?
16
Calculate the greatest common divisor of 31 and 6014.
31
What is the highest common divisor of 1504 and 96?
32
What is the greatest common factor of 568 and 1775?
71
What is the highest common divisor of 515 and 5?
5
Calculate the greatest common factor of 6138 and 155.
31
What is the greatest common factor of 10 and 10?
10
What is the highest common factor of 2637 and 9?
9
Calculate the greatest common factor of 19591 and 143.
143
Calculate the highest common divisor of 33 and 375.
3
Calculate the highest common factor of 220 and 1460.
20
What is the highest common divisor of 36 and 1852?
4
What is the highest common factor of 5 and 47?
1
What is the greatest common divisor of 60 and 690?
30
What is the highest common divisor of 300 and 780?
60
Calculate the greatest common factor of 3 and 3907.
1
Calculate the greatest common divisor of 6 and 222.
6
What is the greatest common factor of 115 and 2185?
115
What is the greatest common factor of 9577 and 61?
61
What is the highest common factor of 50 and 175?
25
Calculate the greatest common factor of 37 and 333.
37
What is the greatest common divisor of 128 and 4688?
16
Calculate the highest common divisor of 660 and 120.
60
Calculate the greatest common factor of 51 and 1275.
51
What is the greatest common factor of 10 and 74?
2
Calculate the greatest common divisor of 1 and 128.
1
What is the highest common factor of 2416 and 416?
16
What is the highest common factor of 116 and 3?
1
Calculate the greatest common divisor of 187 and 176.
11
What is the greatest common divisor of 78 and 104?
26
What is the greatest common divisor of 416 and 32?
32
Calculate the highest common divisor of 147 and 343.
49
What is the greatest common factor of 4 a